{"version":"1.0","provider_name":"Espace jeunesse du site officiel de la Ville de Thiant","provider_url":"https:\/\/thiant.fr\/wordpress\/jeunesse","author_name":"Service communication","author_url":"https:\/\/thiant.fr\/wordpress\/jeunesse\/author\/adminwpress\/","title":"A.L.S.H. Vacances d&#39;Hiver - Espace jeunesse du site officiel de la Ville de Thiant","type":"rich","width":600,"height":338,"html":"<blockquote class=\"wp-embedded-content\" data-secret=\"L8FSNpjzK7\"><a href=\"https:\/\/thiant.fr\/wordpress\/jeunesse\/2020\/01\/22\/a-l-s-h-vacances-dhiver\/\">A.L.S.H. Vacances d&#39;Hiver<\/a><\/blockquote><iframe sandbox=\"allow-scripts\" security=\"restricted\" src=\"https:\/\/thiant.fr\/wordpress\/jeunesse\/2020\/01\/22\/a-l-s-h-vacances-dhiver\/embed\/#?secret=L8FSNpjzK7\" width=\"600\" height=\"338\" title=\"\u00ab\u00a0A.L.S.H. Vacances d&#039;Hiver\u00a0\u00bb &#8212; Espace jeunesse du site officiel de la Ville de Thiant\" data-secret=\"L8FSNpjzK7\" frameborder=\"0\" marginwidth=\"0\" marginheight=\"0\" scrolling=\"no\" class=\"wp-embedded-content\"><\/iframe><script>\n\/*! This file is auto-generated *\/\n!function(d,l){\"use strict\";l.querySelector&&d.addEventListener&&\"undefined\"!=typeof URL&&(d.wp=d.wp||{},d.wp.receiveEmbedMessage||(d.wp.receiveEmbedMessage=function(e){var t=e.data;if((t||t.secret||t.message||t.value)&&!\/[^a-zA-Z0-9]\/.test(t.secret)){for(var s,r,n,a=l.querySelectorAll('iframe[data-secret=\"'+t.secret+'\"]'),o=l.querySelectorAll('blockquote[data-secret=\"'+t.secret+'\"]'),c=new RegExp(\"^https?:$\",\"i\"),i=0;i<o.length;i++)o[i].style.display=\"none\";for(i=0;i<a.length;i++)s=a[i],e.source===s.contentWindow&&(s.removeAttribute(\"style\"),\"height\"===t.message?(1e3<(r=parseInt(t.value,10))?r=1e3:~~r<200&&(r=200),s.height=r):\"link\"===t.message&&(r=new URL(s.getAttribute(\"src\")),n=new URL(t.value),c.test(n.protocol))&&n.host===r.host&&l.activeElement===s&&(d.top.location.href=t.value))}},d.addEventListener(\"message\",d.wp.receiveEmbedMessage,!1),l.addEventListener(\"DOMContentLoaded\",function(){for(var e,t,s=l.querySelectorAll(\"iframe.wp-embedded-content\"),r=0;r<s.length;r++)(t=(e=s[r]).getAttribute(\"data-secret\"))||(t=Math.random().toString(36).substring(2,12),e.src+=\"#?secret=\"+t,e.setAttribute(\"data-secret\",t)),e.contentWindow.postMessage({message:\"ready\",secret:t},\"*\")},!1)))}(window,document);\n\/\/# sourceURL=https:\/\/thiant.fr\/wordpress\/jeunesse\/wp-includes\/js\/wp-embed.min.js\n<\/script>\n","thumbnail_url":"https:\/\/thiant.fr\/wordpress\/jeunesse\/wp-content\/uploads\/sites\/2\/2020\/01\/ALSH-FEVRIER-2020.png","thumbnail_width":404,"thumbnail_height":323,"description":"Petites Vacances Scolaires d&#8217;Hiver 2020 Th\u00e8me : Carnaval L&#8217;accueil de loisirs sera ouvert de 13h30 \u00e0 17h du lundi 17 au vendredi 21 f\u00e9vrier et du lundi 24 au vendredi 28 f\u00e9vrier. La garderie extrascolaire sera ouverte les m\u00eames jours de 17h \u00e0 18h. Lieu : Groupe Scolaire Gustave Ansart Inscriptions au bureau des ALSH [&hellip;]"}

Petites Vacances Scolaires d&#8217;Hiver 2020 Thème : Carnaval L&#8217;accueil de loisirs sera ouvert de 13h30 à 17h du lundi 17 au vendredi 21 février et du lundi 24 au vendredi 28 février. La garderie extrascolaire sera ouverte les mêmes jours de 17h à 18h. Lieu : Groupe Scolaire Gustave Ansart Inscriptions au bureau des ALSH [&hellip;]
