{"version":"1.0","provider_name":"Espace jeunesse du site officiel de la Ville de Thiant","provider_url":"https:\/\/thiant.fr\/wordpress\/jeunesse","author_name":"Service communication","author_url":"https:\/\/thiant.fr\/wordpress\/jeunesse\/author\/adminwpress\/","title":"Plateforme de mobilisation citoyenne - Espace jeunesse du site officiel de la Ville de Thiant","type":"rich","width":600,"height":338,"html":"<blockquote class=\"wp-embedded-content\" data-secret=\"g8HLwE6ChS\"><a href=\"https:\/\/thiant.fr\/wordpress\/jeunesse\/2020\/03\/24\/plateforme-de-mobilisation-citoyenne\/\">Plateforme de mobilisation citoyenne<\/a><\/blockquote><iframe sandbox=\"allow-scripts\" security=\"restricted\" src=\"https:\/\/thiant.fr\/wordpress\/jeunesse\/2020\/03\/24\/plateforme-de-mobilisation-citoyenne\/embed\/#?secret=g8HLwE6ChS\" width=\"600\" height=\"338\" title=\"\u00ab\u00a0Plateforme de mobilisation citoyenne\u00a0\u00bb &#8212; Espace jeunesse du site officiel de la Ville de Thiant\" data-secret=\"g8HLwE6ChS\" frameborder=\"0\" marginwidth=\"0\" marginheight=\"0\" scrolling=\"no\" class=\"wp-embedded-content\"><\/iframe><script>\n\/*! This file is auto-generated *\/\n!function(d,l){\"use strict\";l.querySelector&&d.addEventListener&&\"undefined\"!=typeof URL&&(d.wp=d.wp||{},d.wp.receiveEmbedMessage||(d.wp.receiveEmbedMessage=function(e){var t=e.data;if((t||t.secret||t.message||t.value)&&!\/[^a-zA-Z0-9]\/.test(t.secret)){for(var s,r,n,a=l.querySelectorAll('iframe[data-secret=\"'+t.secret+'\"]'),o=l.querySelectorAll('blockquote[data-secret=\"'+t.secret+'\"]'),c=new RegExp(\"^https?:$\",\"i\"),i=0;i<o.length;i++)o[i].style.display=\"none\";for(i=0;i<a.length;i++)s=a[i],e.source===s.contentWindow&&(s.removeAttribute(\"style\"),\"height\"===t.message?(1e3<(r=parseInt(t.value,10))?r=1e3:~~r<200&&(r=200),s.height=r):\"link\"===t.message&&(r=new URL(s.getAttribute(\"src\")),n=new URL(t.value),c.test(n.protocol))&&n.host===r.host&&l.activeElement===s&&(d.top.location.href=t.value))}},d.addEventListener(\"message\",d.wp.receiveEmbedMessage,!1),l.addEventListener(\"DOMContentLoaded\",function(){for(var e,t,s=l.querySelectorAll(\"iframe.wp-embedded-content\"),r=0;r<s.length;r++)(t=(e=s[r]).getAttribute(\"data-secret\"))||(t=Math.random().toString(36).substring(2,12),e.src+=\"#?secret=\"+t,e.setAttribute(\"data-secret\",t)),e.contentWindow.postMessage({message:\"ready\",secret:t},\"*\")},!1)))}(window,document);\n\/\/# sourceURL=https:\/\/thiant.fr\/wordpress\/jeunesse\/wp-includes\/js\/wp-embed.min.js\n<\/script>\n","thumbnail_url":"https:\/\/thiant.fr\/wordpress\/jeunesse\/wp-content\/uploads\/sites\/2\/2020\/03\/Prefet-du-nord.jpg","thumbnail_width":469,"thumbnail_height":408,"description":"Le Gouvernement lance la plateforme de mobilisation citoyenne \u00ab Je veux aider \u2013 r\u00e9serve civique covid 19 \u00bb Ce samedi 21 mars, Jacqueline Gourault, ministre de la Coh\u00e9sion des territoires et des Relations avec les collectivit\u00e9s territoriales a adress\u00e9 \u00e0 l\u2019ensemble des associations d\u2019\u00e9lus locaux un message relatif \u00e0 la mise en place du dispositif [&hellip;]"}

Le Gouvernement lance la plateforme de mobilisation citoyenne « Je veux aider – réserve civique covid 19 » Ce samedi 21 mars, Jacqueline Gourault, ministre de la Cohésion des territoires et des Relations avec les collectivités territoriales a adressé à l’ensemble des associations d’élus locaux un message relatif à la mise en place du dispositif [&hellip;]
