{"version":"1.0","provider_name":"Ville de Thiant","provider_url":"https:\/\/thiant.fr\/wordpress","author_name":"Service communication","author_url":"https:\/\/thiant.fr\/wordpress\/author\/adminwpress\/","title":"Obligation du port du masque - Ville de Thiant","type":"rich","width":600,"height":338,"html":"<blockquote class=\"wp-embedded-content\" data-secret=\"eOlg9vIsfS\"><a href=\"https:\/\/thiant.fr\/wordpress\/obligation-du-port-du-masque\/\">Obligation du port du masque<\/a><\/blockquote><iframe sandbox=\"allow-scripts\" security=\"restricted\" src=\"https:\/\/thiant.fr\/wordpress\/obligation-du-port-du-masque\/embed\/#?secret=eOlg9vIsfS\" width=\"600\" height=\"338\" title=\"\u00ab\u00a0Obligation du port du masque\u00a0\u00bb &#8212; Ville de Thiant\" data-secret=\"eOlg9vIsfS\" frameborder=\"0\" marginwidth=\"0\" marginheight=\"0\" scrolling=\"no\" class=\"wp-embedded-content\"><\/iframe><script>\n\/*! This file is auto-generated *\/\n!function(d,l){\"use strict\";l.querySelector&&d.addEventListener&&\"undefined\"!=typeof URL&&(d.wp=d.wp||{},d.wp.receiveEmbedMessage||(d.wp.receiveEmbedMessage=function(e){var t=e.data;if((t||t.secret||t.message||t.value)&&!\/[^a-zA-Z0-9]\/.test(t.secret)){for(var s,r,n,a=l.querySelectorAll('iframe[data-secret=\"'+t.secret+'\"]'),o=l.querySelectorAll('blockquote[data-secret=\"'+t.secret+'\"]'),c=new RegExp(\"^https?:$\",\"i\"),i=0;i<o.length;i++)o[i].style.display=\"none\";for(i=0;i<a.length;i++)s=a[i],e.source===s.contentWindow&&(s.removeAttribute(\"style\"),\"height\"===t.message?(1e3<(r=parseInt(t.value,10))?r=1e3:~~r<200&&(r=200),s.height=r):\"link\"===t.message&&(r=new URL(s.getAttribute(\"src\")),n=new URL(t.value),c.test(n.protocol))&&n.host===r.host&&l.activeElement===s&&(d.top.location.href=t.value))}},d.addEventListener(\"message\",d.wp.receiveEmbedMessage,!1),l.addEventListener(\"DOMContentLoaded\",function(){for(var e,t,s=l.querySelectorAll(\"iframe.wp-embedded-content\"),r=0;r<s.length;r++)(t=(e=s[r]).getAttribute(\"data-secret\"))||(t=Math.random().toString(36).substring(2,12),e.src+=\"#?secret=\"+t,e.setAttribute(\"data-secret\",t)),e.contentWindow.postMessage({message:\"ready\",secret:t},\"*\")},!1)))}(window,document);\n\/\/# sourceURL=https:\/\/thiant.fr\/wordpress\/wp-includes\/js\/wp-embed.min.js\n<\/script>\n","thumbnail_url":"https:\/\/thiant.fr\/wordpress\/wp-content\/uploads\/2020\/04\/Prefet-region-Hauts-de-France.png","thumbnail_width":300,"thumbnail_height":200,"description":"Le pr\u00e9fet du Nord rappelle l\u2019importance du respect des gestes barri\u00e8res et du port du masque, dans les espaces publics concern\u00e9s par cette obligation, ou quand la distance d\u2019un m\u00e8tre ne peut \u00eatre assur\u00e9e. Un arr\u00eat\u00e9 portant obligation du port du masque dans le d\u00e9partement du Nord (hors MEL) a \u00e9t\u00e9 publi\u00e9. Il est t\u00e9l\u00e9chargeable [&hellip;]"}

Le préfet du Nord rappelle l’importance du respect des gestes barrières et du port du masque, dans les espaces publics concernés par cette obligation, ou quand la distance d’un mètre ne peut être assurée. Un arrêté portant obligation du port du masque dans le département du Nord (hors MEL) a été publié. Il est téléchargeable [&hellip;]
